{"id":20,"date":"2026-04-15T08:24:39","date_gmt":"2026-04-15T08:24:39","guid":{"rendered":"https:\/\/raddasollefteasjukhus.se\/?page_id=20"},"modified":"2026-04-22T20:02:31","modified_gmt":"2026-04-22T20:02:31","slug":"hem","status":"publish","type":"page","link":"https:\/\/raddasollefteasjukhus.se\/index.php\/hem\/","title":{"rendered":"Hem"},"content":{"rendered":"\n<style type=\"text\/css\" data-created_by=\"avia_inline_auto\" id=\"style-css-av-moah6ubq-8c8eac3d7b68e0343ba53578235813ae\">\n.avia-section.av-moah6ubq-8c8eac3d7b68e0343ba53578235813ae{\nbackground-color:#fee241;\nbackground-image:unset;\n}\n<\/style>\n<div id='av_section_1'  class='avia-section av-moah6ubq-8c8eac3d7b68e0343ba53578235813ae main_color avia-section-no-padding avia-no-border-styling  avia-builder-el-0  el_before_av_section  avia-builder-el-first  avia-bg-style-scroll container_wrap sidebar_right'  ><div class='container av-section-cont-open' ><main  role=\"main\" itemprop=\"mainContentOfPage\"  class='template-page content  av-content-small alpha units'><div class='post-entry post-entry-type-page post-entry-20'><div class='entry-content-wrapper clearfix'>\n<div  class='flex_column av-av_one_full-cc1bc2b7b788d4607c00cc33239ff0cf av_one_full  avia-builder-el-1  avia-builder-el-no-sibling  first flex_column_div  '     ><p>\n<style type=\"text\/css\" data-created_by=\"avia_inline_auto\" id=\"style-css-av-moah9vd5-c6bf4056a43f91badf370e31e5ec0a08\">\n.avia-image-container.av-moah9vd5-c6bf4056a43f91badf370e31e5ec0a08 img.avia_image{\nbox-shadow:none;\n}\n.avia-image-container.av-moah9vd5-c6bf4056a43f91badf370e31e5ec0a08 .av-image-caption-overlay-center{\ncolor:#ffffff;\n}\n<\/style>\n<div  class='avia-image-container av-moah9vd5-c6bf4056a43f91badf370e31e5ec0a08 av-styling- avia-align-center  avia-builder-el-2  el_before_av_textblock  avia-builder-el-first '   itemprop=\"image\" itemscope=\"itemscope\" itemtype=\"https:\/\/schema.org\/ImageObject\" ><div class=\"avia-image-container-inner\"><div class=\"avia-image-overlay-wrap\"><img decoding=\"async\" fetchpriority=\"high\" class='wp-image-22 avia-img-lazy-loading-not-22 avia_image ' src=\"https:\/\/raddasollefteasjukhus.se\/wp-content\/uploads\/2026\/04\/Herobild-Solleftea-sjukhus-kampanjsida.png\" alt='' title='Herobild-Solleftea-sjukhus-kampanjsida'  height=\"900\" width=\"1920\"  itemprop=\"thumbnailUrl\" srcset=\"https:\/\/raddasollefteasjukhus.se\/wp-content\/uploads\/2026\/04\/Herobild-Solleftea-sjukhus-kampanjsida.png 1920w, https:\/\/raddasollefteasjukhus.se\/wp-content\/uploads\/2026\/04\/Herobild-Solleftea-sjukhus-kampanjsida-300x141.png 300w, https:\/\/raddasollefteasjukhus.se\/wp-content\/uploads\/2026\/04\/Herobild-Solleftea-sjukhus-kampanjsida-1030x483.png 1030w, https:\/\/raddasollefteasjukhus.se\/wp-content\/uploads\/2026\/04\/Herobild-Solleftea-sjukhus-kampanjsida-768x360.png 768w, https:\/\/raddasollefteasjukhus.se\/wp-content\/uploads\/2026\/04\/Herobild-Solleftea-sjukhus-kampanjsida-1536x720.png 1536w, https:\/\/raddasollefteasjukhus.se\/wp-content\/uploads\/2026\/04\/Herobild-Solleftea-sjukhus-kampanjsida-1500x703.png 1500w, https:\/\/raddasollefteasjukhus.se\/wp-content\/uploads\/2026\/04\/Herobild-Solleftea-sjukhus-kampanjsida-705x330.png 705w\" sizes=\"(max-width: 1920px) 100vw, 1920px\" \/><\/div><\/div><\/div><br \/>\n\n<style type=\"text\/css\" data-created_by=\"avia_inline_auto\" id=\"style-css-av-moahbrf4-74cef62387501dbba103d08776cbc9f2\">\n#top .av_textblock_section.av-moahbrf4-74cef62387501dbba103d08776cbc9f2 .avia_textblock{\ncolor:#000000;\n}\n<\/style>\n<section  class='av_textblock_section av-moahbrf4-74cef62387501dbba103d08776cbc9f2 '   itemscope=\"itemscope\" itemtype=\"https:\/\/schema.org\/CreativeWork\" ><div class='avia_textblock av_inherit_color'  itemprop=\"text\" ><h1><span class=\"a_GcMg font-feature-liga-off font-feature-clig-off font-feature-calt-off text-decoration-none text-strikethrough-none\">R\u00e4dda Sollefte\u00e5 sjukhus.<\/span><\/h1>\n<p><strong><span class=\"a_GcMg font-feature-liga-off font-feature-clig-off font-feature-calt-off text-decoration-none text-strikethrough-none\">Akutsjukv\u00e5rden h\u00e5ller p\u00e5 att monteras ned. <\/span><span class=\"a_GcMg font-feature-liga-off font-feature-clig-off font-feature-calt-off text-decoration-none text-strikethrough-none\">Det h\u00e4r handlar om liv, trygghet och m\u00f6jligheten att leva och bo.<\/span><\/strong><\/p>\n<p class=\"cvGsUA direction-ltr align-start para-style-body\"><span class=\"a_GcMg font-feature-liga-off font-feature-clig-off font-feature-calt-off text-decoration-none text-strikethrough-none\">Valet 2026 \u00e4r helt avg\u00f6rande f\u00f6r sjukhusets framtid.<\/span><\/p>\n<\/div><\/section><\/p><\/div><\/div><\/div><\/main><!-- close content main element --><\/div><\/div>\n<style type=\"text\/css\" data-created_by=\"avia_inline_auto\" id=\"style-css-av-mnzyncvy-0091c9f46c61781ce127c8a10f693d80\">\n.avia-section.av-mnzyncvy-0091c9f46c61781ce127c8a10f693d80{\nbackground-color:#fee241;\nbackground-image:unset;\n}\n<\/style>\n<div id='av_section_2'  class='avia-section av-mnzyncvy-0091c9f46c61781ce127c8a10f693d80 main_color avia-section-small avia-no-border-styling  avia-builder-el-4  el_after_av_section  el_before_av_one_full  av-small-hide av-mini-hide avia-bg-style-scroll container_wrap sidebar_right'  ><div class='container av-section-cont-open' ><div class='template-page content  av-content-small alpha units'><div class='post-entry post-entry-type-page post-entry-20'><div class='entry-content-wrapper clearfix'>\n<div  class='flex_column av-3pek8-c5691a3828fd1f7bf584d3fa52e3e66f av_one_full  avia-builder-el-5  avia-builder-el-no-sibling  first flex_column_div  '     ><style type=\"text\/css\" data-created_by=\"avia_inline_auto\" id=\"style-css-av-mo7lnd7r-cddae9db2e0867a60d46e4adf60bdf27\">\n.avia-image-container.av-mo7lnd7r-cddae9db2e0867a60d46e4adf60bdf27 img.avia_image{\nbox-shadow:none;\n}\n.avia-image-container.av-mo7lnd7r-cddae9db2e0867a60d46e4adf60bdf27 .av-image-caption-overlay-center{\ncolor:#ffffff;\n}\n<\/style>\n<div  class='avia-image-container av-mo7lnd7r-cddae9db2e0867a60d46e4adf60bdf27 av-styling- avia-align-center  avia-builder-el-6  avia-builder-el-no-sibling '   itemprop=\"image\" itemscope=\"itemscope\" itemtype=\"https:\/\/schema.org\/ImageObject\" ><div class=\"avia-image-container-inner\"><div class=\"avia-image-overlay-wrap\"><img decoding=\"async\" fetchpriority=\"high\" class='wp-image-40 avia-img-lazy-loading-not-40 avia_image ' src=\"https:\/\/raddasollefteasjukhus.se\/wp-content\/uploads\/2026\/04\/Herobild-Solleftea-sjukhus-kampanjsida3.png\" alt='' title='Herobild-Solleftea-sjukhus-kampanjsida3'  height=\"900\" width=\"1920\"  itemprop=\"thumbnailUrl\" srcset=\"https:\/\/raddasollefteasjukhus.se\/wp-content\/uploads\/2026\/04\/Herobild-Solleftea-sjukhus-kampanjsida3.png 1920w, https:\/\/raddasollefteasjukhus.se\/wp-content\/uploads\/2026\/04\/Herobild-Solleftea-sjukhus-kampanjsida3-300x141.png 300w, https:\/\/raddasollefteasjukhus.se\/wp-content\/uploads\/2026\/04\/Herobild-Solleftea-sjukhus-kampanjsida3-1030x483.png 1030w, https:\/\/raddasollefteasjukhus.se\/wp-content\/uploads\/2026\/04\/Herobild-Solleftea-sjukhus-kampanjsida3-768x360.png 768w, https:\/\/raddasollefteasjukhus.se\/wp-content\/uploads\/2026\/04\/Herobild-Solleftea-sjukhus-kampanjsida3-1536x720.png 1536w, https:\/\/raddasollefteasjukhus.se\/wp-content\/uploads\/2026\/04\/Herobild-Solleftea-sjukhus-kampanjsida3-1500x703.png 1500w, https:\/\/raddasollefteasjukhus.se\/wp-content\/uploads\/2026\/04\/Herobild-Solleftea-sjukhus-kampanjsida3-705x330.png 705w\" sizes=\"(max-width: 1920px) 100vw, 1920px\" \/><\/div><\/div><\/div><\/div><\/div><\/div><\/div><!-- close content main div --><\/div><\/div><div id='after_section_2'  class='main_color av_default_container_wrap container_wrap sidebar_right'  ><div class='container av-section-cont-open' ><div class='template-page content  av-content-small alpha units'><div class='post-entry post-entry-type-page post-entry-20'><div class='entry-content-wrapper clearfix'><div  class='flex_column av-12v38-d1aade978a46adfd221b3b9aa997c690 av_one_full  avia-builder-el-7  el_after_av_section  el_before_av_one_half  avia-builder-el-first  first flex_column_div  '     ><section  class='av_textblock_section av-mo7lh2ab-3b77389738d334222bc91705c43b8110 '   itemscope=\"itemscope\" itemtype=\"https:\/\/schema.org\/CreativeWork\" ><div class='avia_textblock'  itemprop=\"text\" >        <div class=\"petitioner\">\n                    <form\n            id=\"petitioner-form-18\"\n            method=\"get\"\n            action=\"https:\/\/raddasollefteasjukhus.se\/wp-admin\/admin-ajax.php?action=petitioner_form_submit\">\n\n                    <div class=\"petitioner__input\">\n            <label for=\"petitioner_fname\">\n                F\u00f6rnamn            <\/label>\n            <input\n                type=\"text\"\n                id=\"petitioner_fname\"\n                required                name=\"petitioner_fname\">\n        <\/div>\n\n            <div class=\"petitioner__input\">\n            <label for=\"petitioner_lname\">\n                Efternamn            <\/label>\n            <input\n                type=\"text\"\n                id=\"petitioner_lname\"\n                required                name=\"petitioner_lname\">\n        <\/div>\n\n            <div class=\"petitioner__input\">\n            <label for=\"petitioner_city\">\n                Ort            <\/label>\n            <input\n                type=\"text\"\n                id=\"petitioner_city\"\n                required                name=\"petitioner_city\">\n        <\/div>\n\n            <div class=\"petitioner__input\">\n            <label for=\"petitioner_phone\">\n                Telefonnummer            <\/label>\n            <input\n                type=\"tel\"\n                id=\"petitioner_phone\"\n                required                name=\"petitioner_phone\">\n        <\/div>\n\n            <div class=\"petitioner__input\">\n            <label for=\"petitioner_email\">\n                E-post            <\/label>\n            <input\n                type=\"email\"\n                id=\"petitioner_email\"\n                required                name=\"petitioner_email\">\n        <\/div>\n\n            <div class=\"petitioner__input petitioner__input--checkbox\">\n            <label for=\"petitioner_hide_name\">\n                Visa inte mitt namn p\u00e5 en namnlista p\u00e5 hemsidan            <\/label>\n            <input\n                type=\"checkbox\"\n                id=\"petitioner_hide_name\"\n                name=\"petitioner_hide_name\"\n                  \/>\n        <\/div>\n            <div class=\"petitioner__input petitioner__input--checkbox\">\n            <label for=\"petitioner_bcc\">\n                Jag godk\u00e4nner integritetspolicyn            <\/label>\n            <input\n                type=\"checkbox\"\n                id=\"petitioner_bcc\"\n                name=\"petitioner_bcc\"\n                 required \/>\n        <\/div>\n            <button type=\"submit\" class=\"petitioner__btn petitioner__btn--submit\">\n            Skriv under        <\/button>\n\n            <input type=\"hidden\" name=\"form_id\" value=\"18\">\n\n                    \n        \n        \n            \n        <\/form>\n                <div class=\"petitioner__response\">\n                <h3><\/h3>\n                <p><\/p>\n            <\/div>\n\n        <\/div>\n    \n<\/div><\/section><\/div><\/p>\n<div  class='flex_column av-3gml8-15e1bd5bc8a49471ea5c8b5d5726b91c av_one_half  avia-builder-el-9  el_after_av_one_full  el_before_av_one_half  first flex_column_div  column-top-margin'     ><section  class='av_textblock_section av-mnzttopy-0586cc13d046f808d532226c5fbea397 '   itemscope=\"itemscope\" itemtype=\"https:\/\/schema.org\/CreativeWork\" ><div class='avia_textblock'  itemprop=\"text\" ><h2 data-section-id=\"dllyy4\" data-start=\"489\" data-end=\"518\">Vad h\u00e5ller p\u00e5 att h\u00e4nda?<\/h2>\n<p data-start=\"520\" data-end=\"686\">Sollefte\u00e5 sjukhus \u00e4r p\u00e5 v\u00e4g att f\u00f6rlora sin roll som akutsjukhus. Beslut tas steg f\u00f6r steg av Socialdemokraterna, Moderaterna och Centerpartiet som inneb\u00e4r att v\u00e5rd flyttas, kompetens f\u00f6rsvinner och tryggheten urholkas.<\/p>\n<p data-start=\"688\" data-end=\"756\">Det handlar inte om sm\u00e5 justeringar. Det handlar om en nedmontering.<\/p>\n<p data-start=\"758\" data-end=\"908\">N\u00e4r v\u00e5rden f\u00f6rsvinner fr\u00e5n Sollefte\u00e5 \u00f6kar avst\u00e5nden. F\u00f6r vissa kan det handla om flera mil extra \u2013 i situationer d\u00e4r minuter kan avg\u00f6ra liv eller d\u00f6d.<\/p>\n<h2 data-start=\"758\" data-end=\"908\">Vad betyder det i praktiken?<\/h2>\n<ul data-start=\"950\" data-end=\"1112\">\n<li data-section-id=\"fqoieq\" data-start=\"950\" data-end=\"983\">L\u00e4ngre avst\u00e5nd till akut v\u00e5rd<\/li>\n<li data-section-id=\"2dx9dj\" data-start=\"984\" data-end=\"1020\">\u00d6kad belastning p\u00e5 andra sjukhus<\/li>\n<li data-section-id=\"26ajvz\" data-start=\"1021\" data-end=\"1067\">Sv\u00e5rare att rekrytera och beh\u00e5lla personal<\/li>\n<li data-section-id=\"14e6vux\" data-start=\"1068\" data-end=\"1112\">F\u00f6rs\u00e4mrad beredskap vid kris och olyckor<\/li>\n<\/ul>\n<p data-start=\"1114\" data-end=\"1177\">Det h\u00e4r drabbar inte bara Sollefte\u00e5. Det drabbar hela regionen.<\/p>\n<\/div><\/section><\/div>\n<div  class='flex_column av-2ldwc-9aa3bec40ce704ee362fa521aae82437 av_one_half  avia-builder-el-11  el_after_av_one_half  el_before_av_one_full  flex_column_div  column-top-margin'     ><\/div>\n<div  class='flex_column av-27ouc-07304668ab63dc543b2c75d450fe0e49 av_one_full  avia-builder-el-12  el_after_av_one_half  el_before_av_one_full  first flex_column_div  column-top-margin'     ><\/div>\n<div  class='flex_column av-1fw2k-eae6bb8cc517ebb87613ad847d9a0aed av_one_full  avia-builder-el-13  el_after_av_one_full  el_before_av_one_full  first flex_column_div  column-top-margin'     ><section  class='av_textblock_section av-z9m4-a105bfb42524e9d003324374dee556f9 '   itemscope=\"itemscope\" itemtype=\"https:\/\/schema.org\/CreativeWork\" ><div class='avia_textblock'  itemprop=\"text\" ><p>Click here to add your own text<\/p>\n<\/div><\/section><\/div>\n<div  class='flex_column av-16roc-86fe8cd001ba65d6dfdc7bbf0900e8d1 av_one_full  avia-builder-el-15  el_after_av_one_full  avia-builder-el-last  first flex_column_div  column-top-margin'     ><\/div>\n","protected":false},"excerpt":{"rendered":"","protected":false},"author":1,"featured_media":0,"parent":0,"menu_order":0,"comment_status":"closed","ping_status":"closed","template":"","meta":{"footnotes":""},"class_list":["post-20","page","type-page","status-publish","hentry"],"yoast_head":"<!-- This site is optimized with the Yoast SEO plugin v27.4 - https:\/\/yoast.com\/product\/yoast-seo-wordpress\/ -->\n<title>Hem - R\u00e4dda Sollefte\u00e5 sjukhus<\/title>\n<meta name=\"robots\" content=\"index, follow, max-snippet:-1, max-image-preview:large, max-video-preview:-1\" \/>\n<link rel=\"canonical\" href=\"https:\/\/raddasollefteasjukhus.se\/index.php\/hem\/\" \/>\n<meta property=\"og:locale\" content=\"sv_SE\" \/>\n<meta property=\"og:type\" content=\"article\" \/>\n<meta property=\"og:title\" content=\"Hem - R\u00e4dda Sollefte\u00e5 sjukhus\" \/>\n<meta property=\"og:url\" content=\"https:\/\/raddasollefteasjukhus.se\/index.php\/hem\/\" \/>\n<meta property=\"og:site_name\" content=\"R\u00e4dda Sollefte\u00e5 sjukhus\" \/>\n<meta property=\"article:modified_time\" content=\"2026-04-22T20:02:31+00:00\" \/>\n<meta name=\"twitter:card\" content=\"summary_large_image\" \/>\n<meta name=\"twitter:label1\" content=\"Ber\u00e4knad l\u00e4stid\" \/>\n\t<meta name=\"twitter:data1\" content=\"2 minuter\" \/>\n<script type=\"application\/ld+json\" class=\"yoast-schema-graph\">{\"@context\":\"https:\\\/\\\/schema.org\",\"@graph\":[{\"@type\":\"WebPage\",\"@id\":\"https:\\\/\\\/raddasollefteasjukhus.se\\\/index.php\\\/hem\\\/\",\"url\":\"https:\\\/\\\/raddasollefteasjukhus.se\\\/index.php\\\/hem\\\/\",\"name\":\"Hem - R\u00e4dda Sollefte\u00e5 sjukhus\",\"isPartOf\":{\"@id\":\"https:\\\/\\\/raddasollefteasjukhus.se\\\/#website\"},\"datePublished\":\"2026-04-15T08:24:39+00:00\",\"dateModified\":\"2026-04-22T20:02:31+00:00\",\"breadcrumb\":{\"@id\":\"https:\\\/\\\/raddasollefteasjukhus.se\\\/index.php\\\/hem\\\/#breadcrumb\"},\"inLanguage\":\"sv-SE\",\"potentialAction\":[{\"@type\":\"ReadAction\",\"target\":[\"https:\\\/\\\/raddasollefteasjukhus.se\\\/index.php\\\/hem\\\/\"]}]},{\"@type\":\"BreadcrumbList\",\"@id\":\"https:\\\/\\\/raddasollefteasjukhus.se\\\/index.php\\\/hem\\\/#breadcrumb\",\"itemListElement\":[{\"@type\":\"ListItem\",\"position\":1,\"name\":\"Hem\",\"item\":\"https:\\\/\\\/raddasollefteasjukhus.se\\\/index.php\\\/sample-page\\\/\"},{\"@type\":\"ListItem\",\"position\":2,\"name\":\"Hem\"}]},{\"@type\":\"WebSite\",\"@id\":\"https:\\\/\\\/raddasollefteasjukhus.se\\\/#website\",\"url\":\"https:\\\/\\\/raddasollefteasjukhus.se\\\/\",\"name\":\"R\u00e4dda Sollefte\u00e5 sjukhus\",\"description\":\"\",\"potentialAction\":[{\"@type\":\"SearchAction\",\"target\":{\"@type\":\"EntryPoint\",\"urlTemplate\":\"https:\\\/\\\/raddasollefteasjukhus.se\\\/?s={search_term_string}\"},\"query-input\":{\"@type\":\"PropertyValueSpecification\",\"valueRequired\":true,\"valueName\":\"search_term_string\"}}],\"inLanguage\":\"sv-SE\"}]}<\/script>\n<!-- \/ Yoast SEO plugin. -->","yoast_head_json":{"title":"Hem - R\u00e4dda Sollefte\u00e5 sjukhus","robots":{"index":"index","follow":"follow","max-snippet":"max-snippet:-1","max-image-preview":"max-image-preview:large","max-video-preview":"max-video-preview:-1"},"canonical":"https:\/\/raddasollefteasjukhus.se\/index.php\/hem\/","og_locale":"sv_SE","og_type":"article","og_title":"Hem - R\u00e4dda Sollefte\u00e5 sjukhus","og_url":"https:\/\/raddasollefteasjukhus.se\/index.php\/hem\/","og_site_name":"R\u00e4dda Sollefte\u00e5 sjukhus","article_modified_time":"2026-04-22T20:02:31+00:00","twitter_card":"summary_large_image","twitter_misc":{"Ber\u00e4knad l\u00e4stid":"2 minuter"},"schema":{"@context":"https:\/\/schema.org","@graph":[{"@type":"WebPage","@id":"https:\/\/raddasollefteasjukhus.se\/index.php\/hem\/","url":"https:\/\/raddasollefteasjukhus.se\/index.php\/hem\/","name":"Hem - R\u00e4dda Sollefte\u00e5 sjukhus","isPartOf":{"@id":"https:\/\/raddasollefteasjukhus.se\/#website"},"datePublished":"2026-04-15T08:24:39+00:00","dateModified":"2026-04-22T20:02:31+00:00","breadcrumb":{"@id":"https:\/\/raddasollefteasjukhus.se\/index.php\/hem\/#breadcrumb"},"inLanguage":"sv-SE","potentialAction":[{"@type":"ReadAction","target":["https:\/\/raddasollefteasjukhus.se\/index.php\/hem\/"]}]},{"@type":"BreadcrumbList","@id":"https:\/\/raddasollefteasjukhus.se\/index.php\/hem\/#breadcrumb","itemListElement":[{"@type":"ListItem","position":1,"name":"Hem","item":"https:\/\/raddasollefteasjukhus.se\/index.php\/sample-page\/"},{"@type":"ListItem","position":2,"name":"Hem"}]},{"@type":"WebSite","@id":"https:\/\/raddasollefteasjukhus.se\/#website","url":"https:\/\/raddasollefteasjukhus.se\/","name":"R\u00e4dda Sollefte\u00e5 sjukhus","description":"","potentialAction":[{"@type":"SearchAction","target":{"@type":"EntryPoint","urlTemplate":"https:\/\/raddasollefteasjukhus.se\/?s={search_term_string}"},"query-input":{"@type":"PropertyValueSpecification","valueRequired":true,"valueName":"search_term_string"}}],"inLanguage":"sv-SE"}]}},"_links":{"self":[{"href":"https:\/\/raddasollefteasjukhus.se\/index.php\/wp-json\/wp\/v2\/pages\/20","targetHints":{"allow":["GET"]}}],"collection":[{"href":"https:\/\/raddasollefteasjukhus.se\/index.php\/wp-json\/wp\/v2\/pages"}],"about":[{"href":"https:\/\/raddasollefteasjukhus.se\/index.php\/wp-json\/wp\/v2\/types\/page"}],"author":[{"embeddable":true,"href":"https:\/\/raddasollefteasjukhus.se\/index.php\/wp-json\/wp\/v2\/users\/1"}],"replies":[{"embeddable":true,"href":"https:\/\/raddasollefteasjukhus.se\/index.php\/wp-json\/wp\/v2\/comments?post=20"}],"version-history":[{"count":56,"href":"https:\/\/raddasollefteasjukhus.se\/index.php\/wp-json\/wp\/v2\/pages\/20\/revisions"}],"predecessor-version":[{"id":95,"href":"https:\/\/raddasollefteasjukhus.se\/index.php\/wp-json\/wp\/v2\/pages\/20\/revisions\/95"}],"wp:attachment":[{"href":"https:\/\/raddasollefteasjukhus.se\/index.php\/wp-json\/wp\/v2\/media?parent=20"}],"curies":[{"name":"wp","href":"https:\/\/api.w.org\/{rel}","templated":true}]}}